he value of -794 + 781 + 1 + 14?
2
Calculate 1 + (-2 + 5 - 2 - (-17 + -9 + 6)).
22
What is the value of 11 - (5 + -26 + 34 + 0)?
-2
What is the value of 12 + -18 + 2 + -1 + (749 - 755)?
-11
What is the value of -24 + (-104 + 2 - (82 - 87)) + -8 + 0?
-129
What is the value of -45 - (7 - ((-11 - -12 - -1) + 17 + -7))?
-40
Calculate (489 + -488 - (0 - 17)) + (0 - 16).
2
-35 - (-32 + -65 + 97)
-35
What is (-32 - 10) + -29 + 66 - (1 - 50)?
44
Calculate (62 + -5 - 2) + -25 + -37 + 64.
57
2 + -13 + (-9 - (29 + -17)) + -13
-45
What is 892 + -901 + (2 - 1 - -13) + (12 - -1)?
18
What is 43 + -198 + 205 + -12 + (-1 - -5 - 3)?
39
Evaluate -21 - (-18 + 13 + 8 + 6 - 2).
-28
Evaluate 1 + -1 + (51 - 5 - (23 + -16)).
39
What is -624 + 621 - (-20 - 5)?
22
Calculate (-31 + 9 - (28 - 36)) + -31.
-45
What is -11 - (-71 + (-38 - -61))?
37
What is -63 - (-20 + -226 + 163)?
20
Evaluate (-19 - (-17 - -27 - 13)) + 49.
33
Calculate 30 + 3 + -114 + (31 - 7).
-57
Evaluate -44 - (-102 + 26 - -26).
6
Calculate 54 + -59 - (-33 - 22).
50
-172 - -183 - (-21 + 3 + -4 - -5)
28
Evaluate (-2 - 1) + 11 - (259 - (35 - -109)).
-107
(-10 - (17 - 36)) + (-29 - 5 - 3)
-28
Evaluate (33 + -57 - (15 - 55)) + -80.
-64
What is the value of (-2 - 32) + -31 + 31 + -9?
-43
What is 36 + -2 + 1 + (-19 - (10 + -21))?
27
Calculate 187 + (-31 - 59) - 143.
-46
Calculate (0 - -5) + -77 + (-12 + (23 - -1) - 7).
-67
Evaluate 19 + (-49 - -85) + 1.
56
Evaluate 77 + (-36 - (49 - 26)).
18
Evaluate -1 + 40 - (14 + (-12 - (19 - 16))).
40
Evaluate -31 + -39 + 37 + 8.
-25
-38 - (-8 + -11 + 10 + 2 + 7 + 6)
-44
Calculate 1 + 7 + -8 + (-16 - 0 - (-52 - -29)).
7
18 + -8 + 70 - 6 - (62 + -72)
84
Evaluate -6 - (5 + (7 + -5 - -6) - -9).
-28
Calculate ((-16 - 3 - -31) + -19 - 68) + 6.
-69
Evaluate -23 - 2 - (21 + -6 + (5 - 8) + -9).
-28
What is -56 - (-54 + 124 + -65)?
-61
(5 - 13 - 1) + (0 - -10) - (-2 + -57)
60
What is the value of (-1 - 8) + (34 - (21 + (29 - 85)))?
60
Calculate -21 - ((30 - 7) + (-19 - 11)) - (-1 + -95).
82
What is 108 + -1 + (74 - (-87 - -148))?
120
What is -64 - (38 + -102 + 30)?
-30
4 + -21 + -2 - -10 - ((-7 - -13) + -112)
97
-14 + (-1 - -5) - (-442 + 435) - -48
45
What is 2 - 62 - (1385 + -1432)?
-13
Calculate (183 - 166) + (-76 - (4 + 0)).
-63
What is (23 - (-14 - ((1 - 17) + 5))) + 12?
38
Evaluate 19 + -120 + 65 + -10.
-46
Calculate 16 + -8 - (-64 - -82).
-10
What is the value of -11 + -1 + 39 + 166 + -216?
-23
Evaluate (19 + 3 - 9) + -17 + -3.
-7
Calculate 52 + (33 + (5 - (16 - (8 - 3))) - 14).
65
What is the value of -6 + (5 - (1 - 12)) + -85?
-75
Calculate 18 + (-505 - -498) + (4 - -1).
16
Calculate -47 + (-15 - (22 - 52)).
-32
9 + (-1 - -23) + (-20 - (-25 - -18)) + 22
40
Calculate 2 + -3 + -8 + (-79 - (12 + (6 - 9))).
-97
What is 21 + (-20 - -15 - -22 - 12)?
26
Evaluate 18 - (5 + -32 - (35 + -45)).
35
95 + -98 + 37 + (14 - 1)
47
What is -1 - -12 - (15 + (79 - 106))?
23
What is -9 - (0 + -5 + -2 + (-442 - -478))?
-38
Evaluate (34 + -54 - -17) + 0 + 20 + -59.
-42
(7 - -4 - 5) + 0 + -1 + 20 + -7
18
(-161 - -29) + 140 + (-16 - -2 - -1) + 0
-5
What is (41 + -52 - (-13 + -1)) + (42 - -8 - 16)?
37
Calculate 0 + 54 + -7 + -34 + 55 + -31.
37
Evaluate (-1 - (-1 + 0)) + (-300 - (55 - 294)).
-61
What is (-210 + 171 - (-33 - 11)) + -1 + 60 + -1?
63
What is (-2 - 1 - (-2 - 13)) + 35 - -2?
49
Calculate (-2 - 5) + (0 - -1) - (63 - 28 - 0).
-41
Evaluate (27 - 18) + 2 + -16 + -4 + (7 - -7).
5
Calculate 38 + 3 - (1196 + -1182).
27
31 + (-40 + 116 - 65)
42
(95 - 167) + 118 + 54
100
What is the value of -100 + (81 - -8) + (3 + 0 - -10)?
2
Evaluate -41 - (10 - 7 - (4 + -4 + 3 + 3)).
-38
Calculate 34 - ((2 - (17 - 10)) + (10 - 12)).
41
What is the value of -30 + (-35 - -29 - -72)?
36
15 + -88 + 29 + 45
1
What is 24 - (13 - -13) - ((0 - -1) + 10 + 9)?
-22
What is the value of (-9 + 21 - 3 - (-7 + 10)) + -8 + -31?
-33
What is the value of (31 - 15) + -23 + -8 + 8 - -13?
6
-13 + -1 + -2 + 9 + -106 + 89
-24
What is the value of -11 + 2 - (38 - 24 - (43 + 0))?
20
(-40 - -25 - -2) + (6 - 9)
-16
What is the value of 4 - ((-4 - 27) + 7)?
28
Calculate 13 - (-53 - -18 - -115).
-67
Calculate (-36 - (-19 - -26)) + -17 + 26.
-34
25 + ((33 - (30 + 8)) + 14 + 0 - 4)
30
What is the value of (-46 + 3 - (-346 - -270)) + -137?
-104
Calculate -5 - (-29 + (-11 - (7 + -6 + -3 + -6))).
27
What is the value of (-55 - (-13 - (11 - 14) - -21)) + 14?
-52
What is the value of (4 - 2) + -5 - (22 - (1 - 25))?
-49
What is 21 + (10 - (10 - (10 - -19)))?
50
Evaluate -2 - (106 + (0 - 0)) - (246 - (535 + -292)).
-111
Evaluate (8 - (-7 - 2 - (0 + -20 + 14))) + -73.
-62
What is (-5 - 30) + 1 + 27 + -3 + 1?
-9
-24 - (-1 + (16 - 17) + -5 + -2)
-15
Calculate (-32 + 69 - 72 - -25) + 126.
116
-15 - (1 + (47 - 1) - (5757 + -5750))
-55
Evaluate (13 - -1) + (20 - (1 - 36 - -69)).
0
Calculate -23 + 11 + 22 + -39.
-29
40 + (28 - 70) - -40
38
Calculate -8 + 25 - (14 + 28 + -19 - -93).
-99
What is the value of -3 - -2 - ((-14 - (-5 - (-2 + 4))) + 4)?
2
Evaluate (-963 - -861) + (6 - -122).
26
-1139 + 1221 - (7 + (1 - 3) + 7)
70
-37 + -37 + 36 + (-42 - -69)
-11
Evaluate (-113 - -72) + (-4 - -1) + -12.
-56
73 + -91 + -4 + -4 + 27
1
What is 3 - 6 - -30 - (-3 - 22)?
52
What is the value of 5 + -6 + 65 - (-11 - -38)?
37
Evaluate 6 + -9 + (17 - (6 - -6)) - -1.
3
-2 + -6 + (5 - (39 + -41 - 100))
99
Calculate 48 + (-1 - -1) - (-13 - (-3 - -6 - 7)).
57
35 + 1 + 1 + 11 + (-46 - -25)
27
Calculate 37 - 17 - 2 - (4 + -1 - 40).
55
Calculate -92 + (122 - (-5 + 42)).
-7
-71 + (-9 + 30 + -17 - (13 - 3))
-77
Calculate -2 + 19 - ((69 - 137) + 58).
27
What is -1 + (48 - ((1 - (10 - 8)) + -7))?
55
Calculate -4 - (0 + -8 + (25 - (43 + -23)) - 5).
4
What is -417 - -210 - (-144 - -10)?
-73
What is the value of 497 + -614 - (-1 + -33)?
-83
What is the value of -34 + 14 - -6 - -20 - -22?
28
Evaluate (0 - 13) + (65 - 67 - (-17 - 3)).
5
What is (25 - -101 - 63) + 2 + 12?
77
What is the value of -16 - -18 - (2 + -2 + -4 - (-62 - -101))?
45
126 + -278 + -64 + 81
-135
What is -36 + (-4 - (1 + 7)) + 49?
1
What is the value of (-38 - 4) + (9 - (19 - -16))?
-68
Evaluate -243 - -252 - (1 + -8 + 56).
-40
Evaluate (26 - 31) + 6 + -6 + -30.
-35
Evaluate -4 + 0 + (0 - 4 - 2) + (-53 - -68).
5
Calculate (-17 - (17 + -1 + -6 + -18)) + -12.
-21
Evaluate 133 + -51 + 41 + -27 + -1.
95
What is (74 - 242 - -28) + 4 + 12 + (4 - 6)?
-126
Calculate 1686 + -1675 + -59 + -7.
-55
What is the value of 3 + (-2 - -5) + 0 + -4 + 41 + -48?
-5
Calculate (42 - (190 + -23)) + 92.
-33
-128 + -106 + 216 - (1 - 4)
-15
What is 34 + -20 + -6 + (-7 - -39)?
40
(-10 - 1 - (-40 - -34)) + 10 + -4
1
What is 0 - 40 - -34 - (-37 - (-8 + 3))?
26
Calculate -86 + -3 + 6 + 0 - (-5 + -5 + -1).
-72
Calculate 21 - (-54 + (-18 - (7 + -34))).
66
What is the value of (215 - 100) + -8 - 22?
85
What is (-163 + 76 - -1) + 25?
-61
11 - ((-514 - -444) + (8 - 0 - 4 - -1))
76
-25 + (66 - (57 + -52))
36
What is the value of 113 + (-30 - 165) - -99?
17
Evaluate -38 + (139 - 108) + -68.
-75
-2 + -4 + 16 + 0 + -80 + 0
-70
-58 + (9 - -14 - 10) + 2 + -25
-68
What is the value of (71 - 66) + -7 + 0 + 10 + -5 + 9?
12
Evaluate 49 - (-45 + (111 - (36 + -35))).
-16
What is the value of -2 + -82 + -7 + (45 - 31) + -27?
-104
What is (53 + -31 - (7 - -2)) + -205 + 101?
-91
Calculate -3 - (-15 + 17 + (13 - 2) + -65).
49
What is the value of 51 - 60 - (29 - (-19 - -6))?
-51
What is the value of 16 - (7 + 14 - (26 - -19))?
40
What is (99 - 41 - 6) + -14?
38
What is the value of (299 - 296) + -1 + -10?
-8
What is 9 - (5 - (-18 + 5)) - (-3 + -1 + -92)?
87
19 + -4 + (12 - -3 - (59 + -45))
16
What is the value of -21 + (-259 - -259 - (1 + 25))?
-47
Evaluate 5 - (-18 + 34 + -38).
27
Calculate (-627 - -540) + (210 - 22).
101
What is (56 - -1) + (4 + -2 - ((-3 - -27) + -35))?
70
Evaluate 59 - (143 - 20 - 24).
-40
What is the value of (272 - 102) + -180 - (100 + 1)?
-111
What is the value of 16 + (-6 - -14 - 7) + 19 + -50?
-14
Evaluate 67 - ((96 - -14) + 38).
-81
What is -8 + 85 + -3 + -44 + 31?
61
Evaluate 1 - (15 - 7) - (-6 + (6 - -47) + -2).
-52
Evaluate (0 - -98) + (-5457 - -5488).
129
Calculate 2416 + -2236 + (2 - 40).
142
Evaluate -1 + -8 - (19 + 62 - 91).
1
-1 + 6 + -50 - (427 - 384)
-88
What is the value of (-223 - -223 - (71 + 2 + 1) - -6) + -11?
-79
What is -